{"id":235,"date":"2025-11-03T20:17:26","date_gmt":"2025-11-03T20:17:26","guid":{"rendered":"https:\/\/164.edukovac.xyz\/?page_id=235"},"modified":"2025-11-27T23:13:33","modified_gmt":"2025-11-27T23:13:33","slug":"palacinke","status":"publish","type":"page","link":"https:\/\/164.edukovac.xyz\/index.php\/palacinke\/","title":{"rendered":"Pala\u010dinke"},"content":{"rendered":"<p>[et_pb_section fb_built=&#8220;1&#8243; _builder_version=&#8220;4.15.1&#8243; _module_preset=&#8220;default&#8220; use_background_color_gradient=&#8220;on&#8220; background_color_gradient_start=&#8220;#12876f&#8220; background_color_gradient_end=&#8220;#12876f&#8220; global_colors_info=&#8220;{}&#8220;][et_pb_row column_structure=&#8220;1_3,1_3,1_3&#8243; _builder_version=&#8220;4.15.1&#8243; _module_preset=&#8220;default&#8220; hover_enabled=&#8220;0&#8243; border_radii=&#8220;on|65px|65px|65px|65px&#8220; border_width_all=&#8220;2px&#8220; border_color_all=&#8220;#12876F&#8220; global_colors_info=&#8220;{}&#8220; sticky_enabled=&#8220;0&#8243;][et_pb_column type=&#8220;1_3&#8243; _builder_version=&#8220;4.15.1&#8243; _module_preset=&#8220;default&#8220; global_colors_info=&#8220;{}&#8220;][et_pb_blurb title=&#8220;Eurokrem plazma &#8220; image=&#8220;http:\/\/164.edukovac.xyz\/wp-content\/uploads\/2025\/11\/IMG-2d3432a072ac0c3b0702e52a5e92fe98-V.jpg&#8220; _builder_version=&#8220;4.15.1&#8243; _module_preset=&#8220;default&#8220; header_level=&#8220;h2&#8243; header_text_align=&#8220;center&#8220; header_text_color=&#8220;#FFFFFF&#8220; hover_enabled=&#8220;0&#8243; border_radii_image=&#8220;on|29px|29px|29px|29px&#8220; border_width_all_image=&#8220;2px&#8220; border_color_all_image=&#8220;#E09900&#8243; global_colors_info=&#8220;{}&#8220; image_icon_background_color=&#8220;RGBA(255,255,255,0)&#8220; sticky_enabled=&#8220;0&#8243;][\/et_pb_blurb][\/et_pb_column][et_pb_column type=&#8220;1_3&#8243; _builder_version=&#8220;4.15.1&#8243; _module_preset=&#8220;default&#8220; global_colors_info=&#8220;{}&#8220;][et_pb_blurb title=&#8220;Nutella plazma&#8220; image=&#8220;http:\/\/164.edukovac.xyz\/wp-content\/uploads\/2025\/11\/IMG-2d3432a072ac0c3b0702e52a5e92fe98-V-1.jpg&#8220; _builder_version=&#8220;4.15.1&#8243; _module_preset=&#8220;default&#8220; header_level=&#8220;h2&#8243; header_text_align=&#8220;center&#8220; header_text_color=&#8220;#FFFFFF&#8220; hover_enabled=&#8220;0&#8243; border_radii_image=&#8220;on|29px|29px|29px|29px&#8220; border_width_all_image=&#8220;2px&#8220; border_color_all_image=&#8220;#E09900&#8243; global_colors_info=&#8220;{}&#8220; image_icon_background_color=&#8220;RGBA(255,255,255,0)&#8220; sticky_enabled=&#8220;0&#8243;][\/et_pb_blurb][\/et_pb_column][et_pb_column type=&#8220;1_3&#8243; _builder_version=&#8220;4.15.1&#8243; _module_preset=&#8220;default&#8220; global_colors_info=&#8220;{}&#8220;][et_pb_blurb title=&#8220;Eurokrem plazma banana&#8220; image=&#8220;http:\/\/164.edukovac.xyz\/wp-content\/uploads\/2025\/11\/IMG-44a44f344c3db3272a3457221f152f3a-V.jpg&#8220; _builder_version=&#8220;4.15.1&#8243; _module_preset=&#8220;default&#8220; header_level=&#8220;h2&#8243; header_text_align=&#8220;center&#8220; header_text_color=&#8220;#FFFFFF&#8220; hover_enabled=&#8220;0&#8243; border_radii_image=&#8220;on|29px|29px|29px|29px&#8220; border_width_all_image=&#8220;2px&#8220; border_color_all_image=&#8220;#E09900&#8243; global_colors_info=&#8220;{}&#8220; image_icon_background_color=&#8220;RGBA(255,255,255,0)&#8220; sticky_enabled=&#8220;0&#8243;][\/et_pb_blurb][\/et_pb_column][\/et_pb_row][et_pb_row column_structure=&#8220;1_3,1_3,1_3&#8243; _builder_version=&#8220;4.15.1&#8243; _module_preset=&#8220;default&#8220; hover_enabled=&#8220;0&#8243; border_radii=&#8220;on|65px|65px|65px|65px&#8220; border_width_all=&#8220;2px&#8220; border_color_all=&#8220;#12876F&#8220; global_colors_info=&#8220;{}&#8220; sticky_enabled=&#8220;0&#8243;][et_pb_column type=&#8220;1_3&#8243; _builder_version=&#8220;4.15.1&#8243; _module_preset=&#8220;default&#8220; global_colors_info=&#8220;{}&#8220;][et_pb_blurb title=&#8220;Nutella plazma banana&#8220; image=&#8220;http:\/\/164.edukovac.xyz\/wp-content\/uploads\/2025\/11\/IMG-24a0d972da66ff0448e6af075a06b8e5-V.jpg&#8220; _builder_version=&#8220;4.15.1&#8243; _module_preset=&#8220;default&#8220; header_level=&#8220;h2&#8243; header_text_align=&#8220;center&#8220; header_text_color=&#8220;#FFFFFF&#8220; hover_enabled=&#8220;0&#8243; border_radii_image=&#8220;on|29px|29px|29px|29px&#8220; border_width_all_image=&#8220;2px&#8220; border_color_all_image=&#8220;#E09900&#8243; global_colors_info=&#8220;{}&#8220; image_icon_background_color=&#8220;RGBA(255,255,255,0)&#8220; sticky_enabled=&#8220;0&#8243;][\/et_pb_blurb][\/et_pb_column][et_pb_column type=&#8220;1_3&#8243; _builder_version=&#8220;4.15.1&#8243; _module_preset=&#8220;default&#8220; global_colors_info=&#8220;{}&#8220;][et_pb_blurb title=&#8220;Pala\u010dinka sa d\u017eemom&#8220; image=&#8220;http:\/\/164.edukovac.xyz\/wp-content\/uploads\/2025\/11\/IMG-6cfd1f4c258042b9f5bbc8857a7ce024-V.jpg&#8220; _builder_version=&#8220;4.15.1&#8243; _module_preset=&#8220;default&#8220; header_level=&#8220;h2&#8243; header_text_align=&#8220;center&#8220; header_text_color=&#8220;#FFFFFF&#8220; hover_enabled=&#8220;0&#8243; border_radii=&#8220;on|29px|29px|29px|29px&#8220; border_width_all_image=&#8220;2px&#8220; border_color_all_image=&#8220;#E09900&#8243; global_colors_info=&#8220;{}&#8220; image_icon_background_color=&#8220;RGBA(255,255,255,0)&#8220; sticky_enabled=&#8220;0&#8243;][\/et_pb_blurb][\/et_pb_column][et_pb_column type=&#8220;1_3&#8243; _builder_version=&#8220;4.15.1&#8243; _module_preset=&#8220;default&#8220; global_colors_info=&#8220;{}&#8220;][et_pb_blurb title=&#8220;Pala\u010dinka sa \u0161unkom &#8220; image_icon_background_color=&#8220;RGBA(255,255,255,0)&#8220; image=&#8220;http:\/\/164.edukovac.xyz\/wp-content\/uploads\/2025\/11\/IMG-a112203dd4787ef91f5d9f02e78a5217-V.jpg&#8220; _builder_version=&#8220;4.15.1&#8243; _module_preset=&#8220;default&#8220; header_level=&#8220;h2&#8243; header_text_align=&#8220;center&#8220; header_text_color=&#8220;#FFFFFF&#8220; body_text_align=&#8220;center&#8220; body_text_color=&#8220;#FFFFFF&#8220; hover_enabled=&#8220;0&#8243; border_radii=&#8220;on|29px|29px|29px|29px&#8220; border_width_all_image=&#8220;2px&#8220; border_color_all_image=&#8220;#E09900&#8243; global_colors_info=&#8220;{}&#8220; sticky_enabled=&#8220;0&#8243;]<\/p>\n<p>Testo, june\u0107a \u0161unka, sir\u00a0 350<\/p>\n<p>[\/et_pb_blurb][\/et_pb_column][\/et_pb_row][et_pb_row column_structure=&#8220;1_3,1_3,1_3&#8243; _builder_version=&#8220;4.15.1&#8243; _module_preset=&#8220;default&#8220; hover_enabled=&#8220;0&#8243; border_radii=&#8220;on|65px|65px|65px|65px&#8220; border_width_all=&#8220;2px&#8220; border_color_all=&#8220;#12876F&#8220; global_colors_info=&#8220;{}&#8220; sticky_enabled=&#8220;0&#8243;][et_pb_column type=&#8220;1_3&#8243; _builder_version=&#8220;4.15.1&#8243; _module_preset=&#8220;default&#8220; global_colors_info=&#8220;{}&#8220;][et_pb_blurb title=&#8220;Pala\u010dinka sa kulenom&#8220; image=&#8220;http:\/\/164.edukovac.xyz\/wp-content\/uploads\/2025\/11\/IMG-cb32129da0a49ae894090a35759ab6f1-V.jpg&#8220; _builder_version=&#8220;4.15.1&#8243; _module_preset=&#8220;default&#8220; header_level=&#8220;h2&#8243; header_text_align=&#8220;center&#8220; header_text_color=&#8220;#FFFFFF&#8220; body_text_align=&#8220;center&#8220; body_text_color=&#8220;#FFFFFF&#8220; hover_enabled=&#8220;0&#8243; border_radii_image=&#8220;on|29px|29px|29px|29px&#8220; border_width_all_image=&#8220;2px&#8220; border_color_all_image=&#8220;#E09900&#8243; global_colors_info=&#8220;{}&#8220; image_icon_background_color=&#8220;RGBA(255,255,255,0)&#8220; sticky_enabled=&#8220;0&#8243;]<\/p>\n<p>Testo, gove\u0111i kulen, sir\u00a0 400<\/p>\n<p>[\/et_pb_blurb][\/et_pb_column][et_pb_column type=&#8220;1_3&#8243; _builder_version=&#8220;4.15.1&#8243; _module_preset=&#8220;default&#8220; global_colors_info=&#8220;{}&#8220;][et_pb_blurb title=&#8220;Pala\u010dinka sa pr\u0161utom&#8220; image_icon_background_color=&#8220;RGBA(255,255,255,0)&#8220; image=&#8220;http:\/\/164.edukovac.xyz\/wp-content\/uploads\/2025\/11\/IMG-e51b10be5764f90ff634db71608f3a89-V.jpg&#8220; _builder_version=&#8220;4.15.1&#8243; _module_preset=&#8220;default&#8220; header_level=&#8220;h2&#8243; header_text_align=&#8220;center&#8220; header_text_color=&#8220;#FFFFFF&#8220; body_text_align=&#8220;center&#8220; body_text_color=&#8220;#FFFFFF&#8220; hover_enabled=&#8220;0&#8243; border_radii_image=&#8220;on|29px|29px|29px|29px&#8220; border_width_all_image=&#8220;2px&#8220; border_color_all_image=&#8220;#E09900&#8243; global_colors_info=&#8220;{}&#8220; sticky_enabled=&#8220;0&#8243;]<\/p>\n<p>Testo, gove\u0111i pr\u0161ut, sir\u00a0 450<\/p>\n<p>[\/et_pb_blurb][\/et_pb_column][et_pb_column type=&#8220;1_3&#8243; _builder_version=&#8220;4.15.1&#8243; _module_preset=&#8220;default&#8220; global_colors_info=&#8220;{}&#8220;][et_pb_blurb title=&#8220;Pala\u010dinka ku\u0107e&#8220; image=&#8220;http:\/\/164.edukovac.xyz\/wp-content\/uploads\/2025\/11\/IMG-a7e82ac75de72ab7b6496c1caa784570-V-1.jpg&#8220; _builder_version=&#8220;4.15.1&#8243; _module_preset=&#8220;default&#8220; header_level=&#8220;h2&#8243; header_text_align=&#8220;center&#8220; header_text_color=&#8220;#FFFFFF&#8220; body_text_align=&#8220;center&#8220; body_text_color=&#8220;#FFFFFF&#8220; hover_enabled=&#8220;0&#8243; border_color_all=&#8220;#E09900&#8243; border_radii_image=&#8220;on|29px|29px|29px|29px&#8220; border_width_all_image=&#8220;2px&#8220; border_color_all_image=&#8220;#E09900&#8243; global_colors_info=&#8220;{}&#8220; image_icon_background_color=&#8220;RGBA(255,255,255,0)&#8220; sticky_enabled=&#8220;0&#8243;]<\/p>\n<p>Testo, june\u0107a \u0161unka, gove\u0111i kulen, gove\u0111a pr\u0161uta, sir\u00a0 500<\/p>\n<p>[\/et_pb_blurb][\/et_pb_column][\/et_pb_row][\/et_pb_section]<\/p>\n","protected":false},"excerpt":{"rendered":"<p>Testo, june\u0107a \u0161unka, sir\u00a0 350Testo, gove\u0111i kulen, sir\u00a0 400Testo, gove\u0111i pr\u0161ut, sir\u00a0 450Testo, june\u0107a \u0161unka, gove\u0111i kulen, gove\u0111a pr\u0161uta, sir\u00a0 500<\/p>\n","protected":false},"author":1,"featured_media":0,"parent":0,"menu_order":0,"comment_status":"closed","ping_status":"closed","template":"","meta":{"_et_pb_use_builder":"on","_et_pb_old_content":"<!-- wp:divi\/placeholder \/-->","_et_gb_content_width":"","footnotes":""},"class_list":["post-235","page","type-page","status-publish","hentry"],"_links":{"self":[{"href":"https:\/\/164.edukovac.xyz\/index.php\/wp-json\/wp\/v2\/pages\/235","targetHints":{"allow":["GET"]}}],"collection":[{"href":"https:\/\/164.edukovac.xyz\/index.php\/wp-json\/wp\/v2\/pages"}],"about":[{"href":"https:\/\/164.edukovac.xyz\/index.php\/wp-json\/wp\/v2\/types\/page"}],"author":[{"embeddable":true,"href":"https:\/\/164.edukovac.xyz\/index.php\/wp-json\/wp\/v2\/users\/1"}],"replies":[{"embeddable":true,"href":"https:\/\/164.edukovac.xyz\/index.php\/wp-json\/wp\/v2\/comments?post=235"}],"version-history":[{"count":7,"href":"https:\/\/164.edukovac.xyz\/index.php\/wp-json\/wp\/v2\/pages\/235\/revisions"}],"predecessor-version":[{"id":501,"href":"https:\/\/164.edukovac.xyz\/index.php\/wp-json\/wp\/v2\/pages\/235\/revisions\/501"}],"wp:attachment":[{"href":"https:\/\/164.edukovac.xyz\/index.php\/wp-json\/wp\/v2\/media?parent=235"}],"curies":[{"name":"wp","href":"https:\/\/api.w.org\/{rel}","templated":true}]}}