{"id":233,"date":"2025-11-03T20:17:10","date_gmt":"2025-11-03T20:17:10","guid":{"rendered":"https:\/\/164.edukovac.xyz\/?page_id=233"},"modified":"2025-11-27T23:02:47","modified_gmt":"2025-11-27T23:02:47","slug":"calcone","status":"publish","type":"page","link":"https:\/\/164.edukovac.xyz\/index.php\/calcone\/","title":{"rendered":"Calcone"},"content":{"rendered":"<p>[et_pb_section fb_built=&#8220;1&#8243; _builder_version=&#8220;4.15.1&#8243; _module_preset=&#8220;default&#8220; use_background_color_gradient=&#8220;on&#8220; background_color_gradient_start=&#8220;#12876f&#8220; background_color_gradient_end=&#8220;#12876f&#8220; global_colors_info=&#8220;{}&#8220;][et_pb_row column_structure=&#8220;1_3,1_3,1_3&#8243; _builder_version=&#8220;4.15.1&#8243; _module_preset=&#8220;default&#8220; hover_enabled=&#8220;0&#8243; border_width_all=&#8220;2px&#8220; border_color_all=&#8220;#12876F&#8220; global_colors_info=&#8220;{}&#8220; sticky_enabled=&#8220;0&#8243;][et_pb_column type=&#8220;1_3&#8243; _builder_version=&#8220;4.15.1&#8243; _module_preset=&#8220;default&#8220; hover_enabled=&#8220;0&#8243; global_colors_info=&#8220;{}&#8220; sticky_enabled=&#8220;0&#8243;][et_pb_blurb title=&#8220;Doma\u0107inska Calcona&#8220; image_icon_background_color=&#8220;RGBA(255,255,255,0)&#8220; image=&#8220;http:\/\/164.edukovac.xyz\/wp-content\/uploads\/2025\/11\/IMG-aca9d7927b7c9360c6e7e0f3633c608f-V.jpg&#8220; _builder_version=&#8220;4.15.1&#8243; _module_preset=&#8220;default&#8220; header_level=&#8220;h2&#8243; header_text_align=&#8220;center&#8220; header_text_color=&#8220;#FFFFFF&#8220; body_text_align=&#8220;center&#8220; body_text_color=&#8220;#FFFFFF&#8220; background_color=&#8220;RGBA(255,255,255,0)&#8220; hover_enabled=&#8220;0&#8243; border_width_all_image=&#8220;2px&#8220; border_color_all_image=&#8220;#E09900&#8243; global_colors_info=&#8220;{}&#8220; sticky_enabled=&#8220;0&#8243;]<\/p>\n<p>Testo, pelat, june\u0107a \u0161unka, sir, \u0161ampinjoni, pavlaka\u00a0 500<\/p>\n<p>[\/et_pb_blurb][\/et_pb_column][et_pb_column type=&#8220;1_3&#8243; _builder_version=&#8220;4.15.1&#8243; _module_preset=&#8220;default&#8220; global_colors_info=&#8220;{}&#8220;][et_pb_blurb title=&#8220;Calcona sa piletinom&#8220; image_icon_background_color=&#8220;RGBA(255,255,255,0)&#8220; image=&#8220;http:\/\/164.edukovac.xyz\/wp-content\/uploads\/2025\/11\/IMG-47d6af23d7cdd7d0e649dc84abc11706-V.jpg&#8220; _builder_version=&#8220;4.15.1&#8243; _module_preset=&#8220;default&#8220; header_level=&#8220;h2&#8243; header_text_align=&#8220;center&#8220; header_text_color=&#8220;#FFFFFF&#8220; body_text_align=&#8220;center&#8220; body_text_color=&#8220;#FFFFFF&#8220; hover_enabled=&#8220;0&#8243; border_width_all_image=&#8220;2px&#8220; border_color_all_image=&#8220;#E09900&#8243; global_colors_info=&#8220;{}&#8220; sticky_enabled=&#8220;0&#8243;]<\/p>\n<p>Testo, pavlaka, komadi piletine u kari sosu, pavlaka za kuvanje, sir, \u0161ampinjoni\u00a0 550<\/p>\n<p>[\/et_pb_blurb][\/et_pb_column][et_pb_column type=&#8220;1_3&#8243; _builder_version=&#8220;4.15.1&#8243; _module_preset=&#8220;default&#8220; global_colors_info=&#8220;{}&#8220;][et_pb_blurb title=&#8220;Calcona sa junetinom&#8220; image=&#8220;http:\/\/164.edukovac.xyz\/wp-content\/uploads\/2025\/11\/IMG-ab6b92a24f4016fe0e1e028efee670f6-V.jpg&#8220; _builder_version=&#8220;4.15.1&#8243; _module_preset=&#8220;default&#8220; header_level=&#8220;h2&#8243; header_text_align=&#8220;center&#8220; header_text_color=&#8220;#FFFFFF&#8220; body_text_align=&#8220;center&#8220; body_text_color=&#8220;#FFFFFF&#8220; hover_enabled=&#8220;0&#8243; border_width_all_image=&#8220;2px&#8220; border_color_all_image=&#8220;#E09900&#8243; global_colors_info=&#8220;{}&#8220; image_icon_background_color=&#8220;RGBA(255,255,255,0)&#8220; sticky_enabled=&#8220;0&#8243;]<\/p>\n<p>Testo, pelat, june\u0107e fa\u0161irano meso u sosu, sir, \u0161ampinjoni\u00a0 600<\/p>\n<p>[\/et_pb_blurb][\/et_pb_column][\/et_pb_row][et_pb_row column_structure=&#8220;1_3,1_3,1_3&#8243; _builder_version=&#8220;4.15.1&#8243; _module_preset=&#8220;default&#8220; hover_enabled=&#8220;0&#8243; border_radii=&#8220;on|29px|29px|29px|29px&#8220; border_width_all=&#8220;2px&#8220; border_color_all=&#8220;#12876F&#8220; global_colors_info=&#8220;{}&#8220; sticky_enabled=&#8220;0&#8243;][et_pb_column type=&#8220;1_3&#8243; _builder_version=&#8220;4.15.1&#8243; _module_preset=&#8220;default&#8220; hover_enabled=&#8220;0&#8243; global_colors_info=&#8220;{}&#8220; sticky_enabled=&#8220;0&#8243;][et_pb_blurb title=&#8220;Posna calcona sa Tunjevinom&#8220; image=&#8220;http:\/\/164.edukovac.xyz\/wp-content\/uploads\/2025\/11\/IMG-485096c397e0c9d2ee34fb3fb9d512bd-V.jpg&#8220; _builder_version=&#8220;4.15.1&#8243; _module_preset=&#8220;default&#8220; header_level=&#8220;h2&#8243; header_text_align=&#8220;center&#8220; header_text_color=&#8220;#FFFFFF&#8220; body_text_align=&#8220;center&#8220; body_text_color=&#8220;#FFFFFF&#8220; hover_enabled=&#8220;0&#8243; border_width_all_image=&#8220;2px&#8220; border_color_all_image=&#8220;#E09900&#8243; global_colors_info=&#8220;{}&#8220; image_icon_background_color=&#8220;RGBA(255,255,255,0)&#8220; sticky_enabled=&#8220;0&#8243;]<\/p>\n<p>Testo (posno), pelat, biljni sir, \u0161ampinjoni, kukuruz, tunjevina\u00a0 560<\/p>\n<p>[\/et_pb_blurb][\/et_pb_column][et_pb_column type=&#8220;1_3&#8243; _builder_version=&#8220;4.15.1&#8243; _module_preset=&#8220;default&#8220; global_colors_info=&#8220;{}&#8220;][et_pb_blurb title=&#8220;Calcona sa Nutellom&#8220; image=&#8220;http:\/\/164.edukovac.xyz\/wp-content\/uploads\/2025\/11\/IMG-19745a7e01d950c7c83f22925d287fec-V.jpg&#8220; _builder_version=&#8220;4.15.1&#8243; _module_preset=&#8220;default&#8220; header_level=&#8220;h2&#8243; header_text_align=&#8220;center&#8220; header_text_color=&#8220;#FFFFFF&#8220; body_text_align=&#8220;center&#8220; body_text_color=&#8220;#FFFFFF&#8220; hover_enabled=&#8220;0&#8243; border_width_all_image=&#8220;2px&#8220; border_color_all_image=&#8220;#E09900&#8243; global_colors_info=&#8220;{}&#8220; image_icon_background_color=&#8220;RGBA(255,255,255,0)&#8220; sticky_enabled=&#8220;0&#8243;]<\/p>\n<p>Testo, nutela, banana, \u010dokoladni preliv\u00a0 500<\/p>\n<p>[\/et_pb_blurb][\/et_pb_column][et_pb_column type=&#8220;1_3&#8243; _builder_version=&#8220;4.15.1&#8243; _module_preset=&#8220;default&#8220; global_colors_info=&#8220;{}&#8220;][\/et_pb_column][\/et_pb_row][\/et_pb_section]<\/p>\n","protected":false},"excerpt":{"rendered":"<p>Testo, pelat, june\u0107a \u0161unka, sir, \u0161ampinjoni, pavlaka\u00a0 500Testo, pavlaka, komadi piletine u kari sosu, pavlaka za kuvanje, sir, \u0161ampinjoni\u00a0 550Testo, pelat, june\u0107e fa\u0161irano meso u sosu, sir, \u0161ampinjoni\u00a0 600Testo (posno), pelat, biljni sir, \u0161ampinjoni, kukuruz, tunjevina\u00a0 560Testo, nutela, banana, \u010dokoladni preliv\u00a0 500<\/p>\n","protected":false},"author":1,"featured_media":0,"parent":0,"menu_order":0,"comment_status":"closed","ping_status":"closed","template":"","meta":{"_et_pb_use_builder":"on","_et_pb_old_content":"<!-- wp:divi\/placeholder \/-->","_et_gb_content_width":"","footnotes":""},"class_list":["post-233","page","type-page","status-publish","hentry"],"_links":{"self":[{"href":"https:\/\/164.edukovac.xyz\/index.php\/wp-json\/wp\/v2\/pages\/233","targetHints":{"allow":["GET"]}}],"collection":[{"href":"https:\/\/164.edukovac.xyz\/index.php\/wp-json\/wp\/v2\/pages"}],"about":[{"href":"https:\/\/164.edukovac.xyz\/index.php\/wp-json\/wp\/v2\/types\/page"}],"author":[{"embeddable":true,"href":"https:\/\/164.edukovac.xyz\/index.php\/wp-json\/wp\/v2\/users\/1"}],"replies":[{"embeddable":true,"href":"https:\/\/164.edukovac.xyz\/index.php\/wp-json\/wp\/v2\/comments?post=233"}],"version-history":[{"count":8,"href":"https:\/\/164.edukovac.xyz\/index.php\/wp-json\/wp\/v2\/pages\/233\/revisions"}],"predecessor-version":[{"id":498,"href":"https:\/\/164.edukovac.xyz\/index.php\/wp-json\/wp\/v2\/pages\/233\/revisions\/498"}],"wp:attachment":[{"href":"https:\/\/164.edukovac.xyz\/index.php\/wp-json\/wp\/v2\/media?parent=233"}],"curies":[{"name":"wp","href":"https:\/\/api.w.org\/{rel}","templated":true}]}}